 5, what is 13002 - 24334?
-11332
In base 4, what is -323130321 - 2?
-323130323
In base 4, what is -3322330 - -10?
-3322320
In base 12, what is -4 - 146636?
-14663a
In base 2, what is 101 + -110000001010000?
-110000001001011
In base 15, what is 14ca3 - 5?
14c9d
In base 8, what is -64 + -21601?
-21665
In base 3, what is -1 + 102020110?
102020102
In base 9, what is -47434 - 4?
-47438
In base 3, what is -10 - 211111221?
-211112001
In base 12, what is 18 + 16ab2?
16b0a
In base 11, what is -1 + 23702?
23701
In base 8, what is -330775 + -6?
-331003
In base 7, what is 16030 + 104?
16134
In base 12, what is -2 + a385?
a383
In base 3, what is -11 - 122120212022?
-122120212110
In base 4, what is 2110131033 - 2?
2110131031
In base 16, what is -23e + ff?
-13f
In base 10, what is 19039 - -14?
19053
In base 2, what is -1010010100101011 + -101?
-1010010100110000
In base 10, what is -6002 - 4?
-6006
In base 12, what is -26591 + -4?
-26595
In base 14, what is -1903d + 5?
-19038
In base 2, what is 1 + 1110101111001110?
1110101111001111
In base 12, what is -5 + -1551?
-1556
In base 5, what is 34220 - 4031?
30134
In base 4, what is 10 - -31112000?
31112010
In base 5, what is -11030 - 3242?
-14322
In base 2, what is -1000001 + -101111000111001?
-101111001111010
In base 6, what is -3540022 + -10?
-3540032
In base 8, what is 52746 - 5?
52741
In base 9, what is 4 + -28287?
-28283
In base 9, what is 28 - 1313?
-1274
In base 10, what is 14 + -4108?
-4094
In base 9, what is 855 - -14?
870
In base 3, what is 111112 - 20220?
20122
In base 11, what is 3600 - 2a1?
330a
In base 3, what is 1200 + 1200111022?
1200112222
In base 7, what is -3 + 3125356?
3125353
In base 13, what is -1990 - 6?
-1996
In base 5, what is -1132441 + 1031?
-1131410
In base 6, what is -3 + 1013322?
1013315
In base 16, what is 14 + -fe?
-ea
In base 9, what is 17533 + -1?
17532
In base 11, what is 51 + 17722?
17773
In base 10, what is 684 - -304?
988
In base 11, what is 29813 + 6?
29819
In base 3, what is -102120 - -1101221?
222101
In base 13, what is -23562 + 2?
-23560
In base 12, what is 42 + 40?
82
In base 7, what is 111546 - 0?
111546
In base 8, what is 72 + -2230?
-2136
In base 11, what is -59142 - -5?
-59138
In base 10, what is 4 + 6582?
6586
In base 6, what is 253513355 + -2?
253513353
In base 4, what is -11210230101 + 3?
-11210230032
In base 4, what is -11223020 - 1?
-11223021
In base 3, what is -11 + 21221010010?
21221002222
In base 9, what is -174417 - -5?
-174412
In base 13, what is 316 + 4221?
4537
In base 11, what is -6 - -22082?
22077
In base 9, what is 507 + 3568?
4176
In base 11, what is -2 - 45144a?
-451451
In base 9, what is -71 - -310?
228
In base 8, what is -112 - 152?
-264
In base 4, what is 3033333 + -10?
3033323
In base 8, what is 457 - 41?
416
In base 6, what is 11 - -54150?
54201
In base 13, what is -9 + 1ab6?
1aaa
In base 8, what is 26043 - -1?
26044
In base 7, what is -15361165 + -2?
-15361200
In base 6, what is -32422 - 4?
-32430
In base 15, what is -5 + -7ee?
-804
In base 12, what is -66755 - -3?
-66752
In base 10, what is -275585 + -1?
-275586
In base 16, what is 1007 + -1b?
fec
In base 2, what is -11100101000110 - 10111?
-11100101011101
In base 5, what is 32 - -104321?
104403
In base 12, what is -7178 - 3a?
-71b6
In base 2, what is 0 + 11011100100110001001?
11011100100110001001
In base 3, what is 10 - -2102211200?
2102211210
In base 9, what is -46 - 3821?
-3867
In base 12, what is 2 - 6640?
-663a
In base 4, what is 1321301 - -32?
1321333
In base 14, what is -27b - -7?
-274
In base 7, what is -3 + 245226?
245223
In base 11, what is 6 + -14610?
-14605
In base 8, what is -302200 - 33?
-302233
In base 11, what is 3 - -10254?
10257
In base 12, what is 1005 + -879?
348
In base 14, what is 225a27 + -5?
225a22
In base 11, what is -331 - -158?
-184
In base 14, what is 28b + 69?
316
In base 2, what is 1101110111010000 - 110?
1101110111001010
In base 14, what is 1 + 4695?
4696
In base 11, what is 1794 + -18a?
1605
In base 9, what is 55 + 220?
275
In base 6, what is -5 - -112551?
112542
In base 9, what is -5 + 8387?
8382
In base 5, what is -32 - 12212210?
-12212242
In base 10, what is -366662 - 8?
-366670
In base 6, what is 10 + 4514553?
4515003
In base 10, what is -54 + 146342?
146288
In base 13, what is 10 - 307?
-2c7
In base 2, what is 10101 - -111010110111001111?
111010110111100100
In base 6, what is 140 + 114?
254
In base 5, what is -210 + -334?
-1044
In base 15, what is -1898 - -5?
-1893
In base 8, what is 5 + 4414676?
4414703
In base 16, what is 4df7f + -4?
4df7b
In base 15, what is -1b - -7ceb?
7cd0
In base 11, what is -649 - -232?
-417
In base 3, what is -1111222 - 2022?
-1121021
In base 13, what is -55 - -600?
578
In base 2, what is -1000011000110110110010 + 0?
-1000011000110110110010
In base 7, what is 144 - -546?
1023
In base 13, what is 57 - -2509?
2563
In base 12, what is -10 + -3893?
-38a3
In base 13, what is 0 + -12867?
-12867
In base 6, what is -1031403 + 3?
-1031400
In base 4, what is 10002 - -11210?
21212
In base 3, what is -11 - -20202210?
20202122
In base 14, what is 735bb + a?
735c7
In base 16, what is -3 - 2ff6?
-2ff9
In base 9, what is 1042 + -64?
867
In base 12, what is 38 - -21677?
216b3
In base 3, what is -21202 + 2002200?
1210221
In base 14, what is -1a7880 - 1?
-1a7881
In base 2, what is -11100001110000 + -1011?
-11100001111011
In base 15, what is 3122 + 16?
3138
In base 12, what is 4 + -9219a?
-92196
In base 12, what is 5 + -368776?
-368771
In base 16, what is 253 - -1b21?
1d74
In base 2, what is 10000111 + -1000011?
1000100
In base 6, what is -22 - -2043051?
2043025
In base 8, what is 247 - 324?
-55
In base 2, what is 100111 - -101000001010100?
101000001111011
In base 16, what is -2 - -c4a?
c48
In base 14, what is 1 + 1803?
1804
In base 8, what is 11 + 42607?
42620
In base 4, what is -1030203021 + 12?
-1030203003
In base 11, what is 45726 + -1?
45725
In base 4, what is -312122303 + 3?
-312122300
In base 14, what is 12 - a0bc?
-a0aa
In base 9, what is 5 + 10882?
10887
In base 14, what is 107a3 + 6?
107a9
In base 11, what is 1a1 + -1a?
182
In base 11, what is -18 + -502?
-51a
In base 8, what is -5 + 146271?
146264
In base 5, what is -3321 + 22132?
13311
In base 10, what is 1713692 + 1?
1713693
In base 16, what is -2 + -793b?
-793d
In base 5, what is 1404240 + -12?
1404223
In base 14, what is -2 + 114cd3?
114cd1
In base 12, what is -7992 - 5?
-7997
In base 11, what is -97 - 323?
-40a
In base 8, what is 4440 + 102?
4542
In base 15, what is 143 + -78?
ba
In base 2, what is 1000 - -10111001101?
10111010101
In base 9, what is -1 + -11483?
-11484
In base 5, what is -1301 + 3120?
1314
In base 10, what is -5 - -143060?
143055
In base 14, what is -1cc5 + -2?
-1cc7
In base 3, what is -22112022 + -121?
-22112220
In base 15, what is 3 - -7891?
7894
In base 8, what is -4025 - 1146?
-5173
In base 5, what is 11140232 - 0?
11140232
In base 12, what is 2 + -1b4140?
-1b413a
In base 10, what is 10964 + -3?
10961
In base 15, what is -12a + e8?
-32
In base 11, what is a2 - -796?
888
In base 5, what is -3313441 + 0?
-3313441
In base 4, what is 2 - 102021222?
-102021220
In base 3, what is 1120120 - 10?
1120110
In base 6, what is -1 + -2253122?
-2253123
In base 11, what is -5a260 + 29?
-5a232
In base 9, what is 377144 - -5?
377150
In base 14, what is -14b227 + -2?
-14b229
In base 16, what is -13b5 - -5c?
-1359
In base 13, what is -154c41 + -3?
-154c44
In base 13, what is -147a + 3b?
-143c
In base 14, what is -1d + 6562?
6543
In base 13, what is -2c6 + -368?
-661
In base 15, what is -6 + eeeb?
eee5
In base 11, what is -153228 - -3?
-153225
In base 13, what is 5474a + 2?
5474c
In base 6, what is -34 - 4105?
-4143
In base 2, what is 11 - -10000110101?
10000111000
In base 7, what is -4 - 3662662?
-3662666
In base 10, what is -1 + 21508?
21507
In base 7, what is 33416563 - -3?
33416566
In base 10, what is -605 + -340?
-945
In base 13, what is 4 + -947a8?
-947a4
In base 11, what is -2 + 4461?
445a
In base 5, what is 10 + -424111?
-424101
In base 12, what is -3b4 + -669?
-a61
In base 16, what is b9 - -144e?
1507
In base 14, what is 3 + 29544?
29547
In base 5, what is 1012201 - -3?
1012204
In base 5, what is -134 + 43310?
43121
In base 5, what is 10 + 310000410?
310000420
In base 4, 